*2 + 15*a - 7. Is z(c) a prime number?
False
Suppose -909 + 206 = 37*x. Is (x/2)/(4/(-712)) prime?
False
Let z = 225918 + -150508. Is ((-19)/95)/((-2)/z) a composite number?
False
Let f be -5*4468/(-20)*22/2. Suppose -10*m + 40403 = -f. Is m a prime number?
False
Suppose 0*l = 5*z - 5*l - 145, 0 = 2*z - 3*l - 61. Suppose -z*w + 19070 = -16*w. Is w prime?
True
Suppose -22*p = -133678 - 6528. Is p a composite number?
False
Let u = 27 + -24. Let b(i) = 9*i**3 + i**2 + i - 5. Let j be b(u). Let x = j - -85. Is x composite?
True
Let n(p) = -20*p**3 - 48*p**2 - 16*p - 125. Is n(-23) a composite number?
False
Let y(j) = -j**3 + 25*j**2 - 15*j + 9. Let r be y(13). Suppose -93*n + r = -90*n. Is n prime?
False
Let r be 1*(4/(-10))/((-4)/80). Let y = r + 0. Let v(q) = q**2 - q - 1. Is v(y) a prime number?
False
Let t(q) = 615*q**2 - 7*q + 8. Let w be t(14). Is 19/(-76) - (w/8)/(-5) prime?
True
Let b be (-18)/(-2) - 7 - (-1 - 102). Is (-19009)/(-5) + -7*(-3)/b prime?
False
Let q = 505 + -238. Suppose -x + q = -w, -w = 5*x + w - 1321. Is x composite?
True
Suppose 0 = 4*y + 3*x - 19 + 7, -5*x + 15 = 5*y. Suppose 0 = y*l + 1 - 91. Is l/18 - (-208)/12 a composite number?
False
Suppose 0*o - 3*o + a = 81122, 0 = 2*o - 3*a + 54086. Let u = 41003 + o. Is u composite?
False
Let w = -4444 + 9261. Let u = w + 1430. Is u a composite number?
False
Suppose 665172 = -28*w + 34*w. Suppose 2*v = -v + w. Is v/(-36)*-2*1 composite?
False
Let b(s) = 8291*s**3 - s**2 + 5*s - 25. Is b(3) composite?
True
Let v = 38 + -43. Let c(f) = -f**3 - 5*f**2 - 3*f - 7. Let p be c(v). Suppose -3*w + p*w - 1265 = 0. Is w prime?
False
Suppose -6*b - 7 = -c - b, 0 = b. Suppose c*z = -198 + 898. Is z + (-5 - (1 + 12/(-4))) a prime number?
True
Suppose 53*i + 33*i = -13*i + 1403127. Is i a prime number?
True
Is 2/13 - (-110)/1144*51676 prime?
True
Let l be 2/5*-2 + 756/70. Let i be (-4)/10 - (-34)/l. Suppose -2*t - i*t = -1335. Is t composite?
True
Let i be 1/(-7) - (-503)/(-7). Let z = -45 - i. Suppose 28*l = z*l + 331. Is l composite?
False
Suppose 0 = 6*r - 8*r + 3*p + 265498, 0 = r - p - 132747. Is r a prime number?
False
Suppose -3*d + 2*d - 3*j + 1292 = 0, -5*j + 5133 = 4*d. Let p = 1670 + d. Is p composite?
True
Let c = -102634 - -180261. Is c a composite number?
True
Let g(d) = -d**3 - 11*d**2 - 13*d - 10. Let u be g(-10). Let w = 25 - u. Suppose -943 + 251 = -w*x - 3*k, -4*k = 4. Is x a prime number?
True
Suppose -29*h + 434 = 144. Suppose -16*v + h*v = -58818. Is v composite?
False
Suppose 3*o = 2*c + 2018223, 5*c - 58 = -43. Is o a composite number?
False
Let i(d) = 8*d**2 - 386*d + 102. Let u be i(48). Let c = -4 + 1. Is 2019 - (u/c - 0) prime?
False
Let i(g) = 12*g**2 - 7*g - 41. Let q be 18/63 - (4 + 710/35). Is i(q) composite?
False
Let n(w) = 1477*w**2 + 54*w - 19. Let z(t) = -739*t**2 - 27*t + 9. Let x(k) = -2*n(k) - 5*z(k). Is x(-9) composite?
False
Let h = 59515 - 19374. Is h a composite number?
True
Is (70 - 47) + 957096/2 composite?
False
Let b = 1056717 + -619846. Is b a prime number?
True
Is (64 + -66)*(2 - 17778/4) a composite number?
True
Suppose -6*m + m + z = -10941, 2*m - 4375 = -z. Suppose -4*a - 8 = -19 + 11. Suppose a = y - 5181 - m. Is y a composite number?
False
Let j be (-1)/6 - 25/(-6). Suppose 2*q = 2*l - q - 4964, 0 = -j*l + 4*q + 9924. Is l a composite number?
True
Suppose 88*v - 114 = 69*v. Is 4110 - (3 + (-24)/v) composite?
False
Let u(x) be the third derivative of -89*x**4/24 - 3*x**3/2 - 2*x**2 - 1. Is u(-8) prime?
False
Suppose 2*y - 7*y - 15 = 0, y = 4*o - 545095. Is o composite?
False
Suppose 0 = 6*d - 2*d - 5*n - 238, 5*n - 320 = -5*d. Let z = 66 - d. Suppose -z*r + 2257 + 5083 = 0. Is r prime?
False
Suppose 3 = -5*i - 2, -2*d - 2*i = -103184. Is d a composite number?
False
Let t(i) = -35*i - 18. Let m be t(-2). Suppose 3*b + 5*v = 58 + m, -1 = -v. Is b prime?
False
Let p(z) = 3*z**3 - 10*z**2 - 17*z + 40. Let n be p(18). Is (n/(-60))/((-2)/12) a composite number?
False
Let l be ((-6)/(-9))/((-2)/18*-3). Suppose -5067 = 4*r + 3*q - 13598, -2*q = -l*r + 4248. Is r a composite number?
False
Let x = -38 - -3746. Suppose a - 4611 - x = v, -8331 = -a + 4*v. Is a a composite number?
True
Let n be 6 - (4 - -5) - -5. Let l(a) = 315*a**2 - 3*a + 5. Is l(n) a prime number?
True
Let h = 490615 - 322073. Suppose 2*f + 20*f = h. Is f prime?
False
Let v(k) be the second derivative of 14*k**4 - 2*k**3/3 + k**2/2 + 186*k. Is v(-10) a composite number?
True
Let r = 186379 - 72156. Is r a composite number?
True
Suppose 17*b + 8772081 = 43*b + 53*b. Is b a composite number?
True
Suppose w - 8696 = -7*w. Let n = -750 + w. Is n a prime number?
True
Suppose 17*j + 0*j - 1076185 = 0. Suppose j = -3*m + 8*m. Is m prime?
False
Let q(f) be the first derivative of -f**4/4 + 7*f**3/3 - 5*f**2/2 - 3*f + 7. Let s be q(6). Suppose 2*v - 1998 = 7*w - 3*w, s*v = -w + 3025. Is v prime?
False
Let v(d) = -d + 7. Let n be v(-13). Suppose -5*z = -a + 25, -3*z - 2*z = n. Suppose -485 - 1380 = -a*t. Is t a prime number?
True
Let p(m) = -14922*m**3 + m**2 - m - 2. Let t(s) = -2*s + 21. Let g be t(11). Let y be p(g). Is (-2)/(-6) - y/(-27) composite?
True
Suppose 0 = -4*p - 4*t + 3*t + 36, -5*t + 12 = -p. Is (p - (-4 - 5))*67 a composite number?
True
Let z(i) = 32*i**2 + 183*i + 1778. Is z(-9) prime?
False
Suppose -t + 19 = -5*r, 2*r - 6 = -3*t - 0*t. Suppose -y = 3*s - 22, 6 = -5*s + t*y + 54. Is (-77)/(-2)*(-2 + -4 + s) prime?
False
Let h be 1/(2 - 6609720/3304864). Suppose 20*u - h - 349872 = 0. Is u a prime number?
True
Suppose 0 = 17*o - 16*o. Suppose o = 3*p - 3*u + 3354, -3*u + 1051 = -2*p - 1189. Let h = 1563 + p. Is h prime?
True
Suppose 2*o + 5*p = -6 - 15, 2*o - 9 = p. Let l be 67/(-3)*(4 + -142)/o. Suppose -3*v = -2*j - l, 2*j = v - 0*v - 507. Is v a prime number?
False
Let n(s) = 390*s**2 - 24*s + 11. Is n(-7) a composite number?
False
Let m(x) = -1079*x - 35. Let l be m(8). Let k = l + 14461. Is k prime?
False
Let v = 320639 + -206268. Is v a composite number?
False
Let n(c) = 11*c**3 - 9*c**2 + 6*c + 33. Let m(v) = v**2 + 27*v + 60. Let w be m(-25). Is n(w) composite?
False
Let s(p) = 7*p**2 - 76*p - 13. Let l be s(11). Is (-5)/20*l*7814 a composite number?
False
Let a(d) = d**3 - d + 1049. Let q = 22 + -30. Let h(s) = s**3 + 8*s**2 - s - 8. Let n be h(q). Is a(n) a composite number?
False
Suppose 5*d + 10 = 0, 9*d - 8*d - 36798 = 5*t. Let y = 11057 + t. Is y a composite number?
False
Let c = 125634 - 37817. Is c prime?
False
Suppose r + 4192433 = 5*s, -1668013 = -2*s - 2*r + 8965. Is s composite?
True
Let v = 1525845 - 1074584. Is v prime?
False
Let d(y) = -y**2 + y + 1. Let s(n) = -n**2 + 37*n + 53. Let r(m) = -2*d(m) + s(m). Is r(35) prime?
False
Let r = 122684 + -28665. Is r a prime number?
False
Let n(r) = -10546*r - 3019. Is n(-5) prime?
True
Suppose 0 = -11*l + 97290 - 26109. Suppose -4*b - 4326 = -6*b + 5*x, -3*b + l = -3*x. Is b prime?
True
Let m(r) = 3*r**2 - 6*r - 58. Let g be m(-5). Suppose 6*l = 5*l - 584. Let f = g - l. Is f composite?
False
Let m = -30874 + 67553. Is m a composite number?
True
Let i(y) = -y**2 - 2*y - 7. Let q(l) = -l**3 - 13*l**2 - l - 15. Let f be q(-13). Let j be i(f). Let r(p) = -2*p + 17. Is r(j) a composite number?
False
Let l(z) = 4*z + 31*z**3 - 21 + 18*z**3 - 75*z**2 + 77*z**2. Is l(4) composite?
False
Suppose 5*j - 65 = -3*w, 4*j - 60 = 9*w - 13*w. Is 15/(75/j) + 6709 composite?
True
Let v(o) = -6*o + 21. Let y be v(4). Let u(f) = -39*f + 16. Is u(y) a composite number?
True
Suppose 4*d = -m - 4*m - 140, 5*m - 35 = d. Let h = d + 36. Is ((-57)/(-9))/(h/15) a composite number?
True
Let d be (-14)/(-3) - 10*-1*7/(-105). Suppose -z = -3*f + f, 0 = -4*z + 5*f. Suppose 3*r - 4987 = -d*h, -h + z*h = r - 1664. Is r prime?
True
Suppose -3*i + 80 = 2*i. Suppose -4*p = i, 2*s - 2*p - 4 = 14. Suppose 0 = 4*z - s*r - 1821, 3*z - 1337 = -0*r - 2*r. Is z a composite number?
False
Let l = 305885 - 138576. Is l prime?
True
Suppose -3*k + q + 151737 = 0, 4*k + 2*q = 176153 + 26163. Is k composite?
True
Let l = 2404068 - 775919. Is l composite?
False
Let z = -1704 - -4133. Suppose 3*a = 2*l - z, -4*l + 4848 = 5*a - a. Is l a prime number?
True
Suppose -265*k + 457765 = 4*u - 262*k, -2*u = -2*k - 228872. Is u a prime number?
False
Suppose -74*y + 